{"id":601,"date":"2025-02-02T09:00:45","date_gmt":"2025-02-02T09:00:45","guid":{"rendered":"https:\/\/notencocktailredesig.live-website.com\/?page_id=601"},"modified":"2025-02-03T21:13:32","modified_gmt":"2025-02-03T21:13:32","slug":"impressum","status":"publish","type":"page","link":"https:\/\/notencocktail.de\/\/impressum","title":{"rendered":"Impressum"},"content":{"rendered":"\n<p><strong><strong>Angaben gem\u00e4\u00df \u00a7 5 DGG<\/strong><\/strong><br>Opfenbacher Notencocktail (Abordnung des Gesangvereins Opfenbach e.V.) <br>Am Kl\u00f6sterle 8<br>88145 Opfenbach<\/p>\n\n\n\n<p><strong>Vertreten durch<\/strong><br>Iris Eger<\/p>\n\n\n\n<p><strong>Kontakt<\/strong><br>Telefon: +49 174 9387004<br>E-Mail: info@notencocktail.de<\/p>\n\n\n\n<p><strong>Registereintrag<\/strong><br>Eintragung im Vereinsregister\u00a0<br>Registergericht: Amtsgericht Kempten<br>Registernummer: VR 30378<\/p>\n\n\n\n<p><strong>Redaktionell verantwortlich<\/strong> <strong>f\u00fcr den Inhalt nach \u00a7 55 Abs. 2 RStV<\/strong><br>Anna Kern und Helena Bodenm\u00fcller <br>Kirchplatz 4<br>88145 Opfenbach<\/p>\n\n\n\n<p><strong>Verbraucherstreitbeilegung\/Universalschlichtungsstelle<\/strong><br>Wir sind nicht bereit oder verpflichtet, an Streitbeilegungsverfahren vor einer Verbraucherschlichtungsstelle teilzunehmen.<\/p>\n\n\n\n<p><strong>Zentrale Kontaktstelle nach dem Digital Services Act &#8211; DSA (Verordnung (EU) 2022\/265)<\/strong><br>Unsere zentrale Kontaktstelle f\u00fcr Nutzer und Beh\u00f6rden nach Art. 11, 12 DSA erreichen Sie wie folgt: <br>E-Mail: info@notencocktail.de<br>Die f\u00fcr den Kontakt zur Verf\u00fcgung stehenden Sprachen sind: Deutsch, Englisch.<\/p>\n\n\n\n<p><strong>Quelle<\/strong><br><a href=\"https:\/\/www.e-recht24.de\">https:\/\/www.e-recht24.de<\/a><\/p>\n","protected":false},"excerpt":{"rendered":"<p>Angaben gem\u00e4\u00df \u00a7 5 DGGOpfenbacher Notencocktail (Abordnung des Gesangvereins Opfenbach e.V.) Am Kl\u00f6sterle 888145 Opfenbach Vertreten durchIris Eger KontaktTelefon: +49 174 9387004E-Mail: info@notencocktail.de RegistereintragEintragung im Vereinsregister\u00a0Registergericht: Amtsgericht KemptenRegisternummer: VR 30378&hellip;&nbsp;<a href=\"https:\/\/notencocktail.de\/\/impressum\" rel=\"bookmark\">Weiterlesen &raquo;<span class=\"screen-reader-text\">Impressum<\/span><\/a><\/p>\n","protected":false},"author":1,"featured_media":0,"parent":0,"menu_order":0,"comment_status":"closed","ping_status":"closed","template":"","meta":{"neve_meta_sidebar":"","neve_meta_container":"","neve_meta_enable_content_width":"","neve_meta_content_width":0,"neve_meta_title_alignment":"","neve_meta_author_avatar":"","neve_post_elements_order":"","neve_meta_disable_header":"","neve_meta_disable_footer":"","neve_meta_disable_title":"","_themeisle_gutenberg_block_has_review":false,"footnotes":""},"class_list":["post-601","page","type-page","status-publish","hentry"],"_links":{"self":[{"href":"https:\/\/notencocktail.de\/\/wp-json\/wp\/v2\/pages\/601","targetHints":{"allow":["GET"]}}],"collection":[{"href":"https:\/\/notencocktail.de\/\/wp-json\/wp\/v2\/pages"}],"about":[{"href":"https:\/\/notencocktail.de\/\/wp-json\/wp\/v2\/types\/page"}],"author":[{"embeddable":true,"href":"https:\/\/notencocktail.de\/\/wp-json\/wp\/v2\/users\/1"}],"replies":[{"embeddable":true,"href":"https:\/\/notencocktail.de\/\/wp-json\/wp\/v2\/comments?post=601"}],"version-history":[{"count":4,"href":"https:\/\/notencocktail.de\/\/wp-json\/wp\/v2\/pages\/601\/revisions"}],"predecessor-version":[{"id":676,"href":"https:\/\/notencocktail.de\/\/wp-json\/wp\/v2\/pages\/601\/revisions\/676"}],"wp:attachment":[{"href":"https:\/\/notencocktail.de\/\/wp-json\/wp\/v2\/media?parent=601"}],"curies":[{"name":"wp","href":"https:\/\/api.w.org\/{rel}","templated":true}]}}